 = t - l. What is the highest common factor of v and 9?
9
Let y(b) = -b**2 + 8*b - 6. Let d(j) = 6*j - 5. Let q be d(2). Let p be y(q). Calculate the highest common factor of p and 9.
1
Let j be (18/8)/(9/24). Calculate the highest common factor of 15 and j.
3
Let f be (-120)/(-50) - 4/10. What is the greatest common divisor of 16 and f?
2
Suppose i = 1, 2*j - 9 = 3*i + 2. Suppose -j*t + 3*t + 28 = 0. Calculate the highest common factor of t and 70.
7
Suppose 83 + 7 = 6*b. Calculate the greatest common divisor of b and 3.
3
Let o(u) = 2*u**3 + u**2 - 2*u - 1. Let x be o(2). Calculate the greatest common factor of x and 10.
5
Let p(u) = -5*u**3 + 7*u + 9. Let f be p(-2). What is the highest common factor of f and 385?
35
Suppose 0*k = 3*f - 5*k - 22, 0 = 2*f - 3*k - 15. Calculate the highest common divisor of 3 and f.
3
Let o = -46 + 65. What is the highest common factor of 19 and o?
19
Let d(k) = -5*k**2 + k - 3. Let h be d(3). Let r be ((-12)/(-9))/((-1)/h). Calculate the highest common divisor of 15 and r.
15
Suppose 4*i + 31 = 7. Let f(x) = -x + 7. Let s be f(i). What is the highest common divisor of 91 and s?
13
Let r(y) = 2*y**2 - 6*y. Let a = 1 - 1. Suppose -3*z = -a*z - 15. Let g be r(z). What is the highest common factor of 220 and g?
20
Let b(s) = 3*s**3 - 4*s**2 - 4*s + 5. Let h be b(4). What is the greatest common divisor of h and 78?
39
Suppose -3*k + 168 = -4*x, 56 = -3*k + 4*k - 2*x. What is the greatest common divisor of k and 7?
7
Suppose -3*i = -m + 6, 2 = -5*m - 4*i + 3*i. Suppose 250 = -m*j + 5*j. Calculate the highest common divisor of 10 and j.
10
Suppose 0*c + 4*c = 12. Suppose -2 - 4 = -c*h. Let g(z) = -z**3 + 8*z**2 + 10*z - 4. Let a be g(9). Calculate the highest common factor of h and a.
1
Let y(k) = -k**3 - 17*k**2 - 15*k + 17. Let z be y(-16). What is the highest common factor of z and 2?
1
Suppose r - 2 = 0, 5*z + 14*r - 13*r - 317 = 0. Suppose -27 = -5*a + 18. Calculate the highest common factor of z and a.
9
Suppose 3*y - 6 = 9. Suppose -4*r + 15 = 4*j - 37, y*j - 62 = -4*r. Let o(a) = 11*a - 5. Let m be o(5). What is the greatest common factor of m and j?
10
Let t = 5 + -4. Suppose -7 + 3 = -k. Calculate the greatest common factor of t and k.
1
Suppose 6*i + 288 = 12*i. What is the highest common divisor of i and 16?
16
Suppose -4*a + 0*a = -4*n + 172, 0 = 3*a + 2*n + 154. Let g = -26 - a. Calculate the highest common divisor of g and 110.
22
Suppose p + 5*a = 4*p - 4, -p + 5*a = 2. What is the greatest common divisor of p and 3?
3
Let o = -16 + 42. Let n(q) = 3*q**2 - q - 1. Let d be n(-2). What is the greatest common factor of d and o?
13
Suppose 6*h - 5 = 67. What is the greatest common divisor of 16 and h?
4
Let l = 2 + -4. Let k be 14*(-1)/(0 + l). What is the greatest common factor of 28 and k?
7
Let u(s) = 6*s**2 - 9*s + 11. Let g(k) = -k**2 - k - 1. Let j(q) = -5*g(q) - u(q). Let i be j(6). Calculate the highest common divisor of i and 21.
21
Let u = 2 + -1. Let n be 1 + u + 1 + 2. Let b(j) = 2*j**3 - 6*j**2 - 6*j + 7. Let g be b(n). Calculate the greatest common divisor of 11 and g.
11
Suppose 11*g - 6*g = -5. Let h be ((3 - 7) + 0)*g. What is the greatest common divisor of h and 4?
4
Suppose 2*i = -2*r + 64, 0*r - 62 = -2*r - i. What is the highest common factor of 330 and r?
30
Let s = -51 - -111. What is the greatest common factor of s and 20?
20
Suppose 4*b + 3*v - 22 = 65, 3*b - 3*v = 81. What is the highest common divisor of b and 216?
24
Suppose -3*w + 7 = -2*w - 4*n, w + 4*n - 47 = 0. Let b = 20 - 11. Calculate the highest common divisor of b and w.
9
Let o be 2 + 0 - (-28)/7. Let n(d) be the first derivative of -9*d**2/2 - 2. Let i be n(-2). What is the highest common factor of o and i?
6
Let s be 1/((2 + -3)/(-6)). Suppose 5*r = 5 - 0. Let k be (r/(-2))/(2/(-24)). Calculate the highest common factor of k and s.
6
Let s = -25 + 42. Let n be 44/14 + 4/(-28). Let b(r) = r**3 - 2*r**2 + 2*r + 2. Let g be b(n). What is the highest common divisor of s and g?
17
Let d = 30 - 25. What is the highest common divisor of 2 and d?
1
Suppose t - 2*t + 2 = 0, 0 = c - t - 5. Let y be -13 + -2 + 1 + -1. Let f = y - -50. Calculate the highest common factor of f and c.
7
Suppose 5*i + 0*t + 3*t = 26, -5*i + 12 = -4*t. Suppose i*y + 7 - 167 = 0. Calculate the highest common factor of y and 16.
8
Let r = 7 - 14. Let l(t) = -t - 16. Let q be l(r). Let j = q + 20. Calculate the greatest common factor of j and 1.
1
Suppose -2*b - y - 4*y + 37 = 0, 0 = 4*b + y - 47. Let a = 13 - b. Suppose 0 = -f + a*f - 25. What is the highest common divisor of 175 and f?
25
Suppose 5*q - 11 + 1 = 0. Suppose q*s - 1 = l + 2*l, 3*l = -5*s + 13. Let g(h) = -h + 1. Let t be g(-1). What is the highest common divisor of t and l?
1
Let b(l) = l + 17. Let o be b(-8). What is the greatest common divisor of 63 and o?
9
Let f = -9 + 7. Let w = -8 - f. Let o = w + 11. What is the greatest common divisor of 20 and o?
5
Suppose -4 = 2*m, 2*j - 4*m = -0*j + 48. Suppose q = 6*q - j. Suppose -40 = -0*k - k. What is the highest common factor of k and q?
4
Let s(k) = -7*k + 4. Let t be s(-5). What is the highest common divisor of 13 and t?
13
Let x(q) = 2*q. Let v(z) = z**2 + z + 1. Let d be v(0). Let u be x(d). Calculate the greatest common divisor of 6 and u.
2
Suppose -148 + 28 = 5*h. Let w be (80/h)/((-2)/63). Calculate the highest common divisor of 15 and w.
15
Let d(j) = j**3 - 12*j**2 + 14*j - 8. Let s be d(11). Calculate the highest common divisor of 125 and s.
25
Suppose 2*b + 64 = 6*b. Let j be (10/25)/(2/(-10)). Let w(q) = 27*q**2 - q + 2. Let a be w(j). Calculate the highest common factor of b and a.
16
Suppose -s - f = 1, 3*s + 2*s + 1 = -3*f. What is the highest common factor of s and 8?
1
Let m(l) = l + 1. Let j be m(-3). Let z(h) = 131*h**2 - 1. Let d be z(1). Let c be d + 1 + j + -1. Calculate the greatest common factor of 16 and c.
16
Let l(r) = r**3 + 5*r**2 + 6*r + 6. Let z be l(-3). What is the greatest common factor of 66 and z?
6
Let t(s) = -s. Let a(k) = -4*k + 6. Let w(d) = a(d) - 3*t(d). Let p be w(0). What is the greatest common divisor of 24 and p?
6
Suppose -27 = 4*x - y, 8*y - 3*y = 3*x - 1. Let u = x + 73. Calculate the highest common divisor of u and 26.
13
Let y(x) = x**2 - 12*x - 7. Let c be y(13). Let m(f) = f**2 - 2*f - 10. Let i be m(c). Calculate the highest common divisor of i and 56.
14
Let x(u) = -4*u - 10 + 2*u**2 - 3 + 11. Let m be x(4). Calculate the highest common divisor of 42 and m.
14
Suppose -j + 24 = j. Let m = 223 - 211. Calculate the highest common factor of m and j.
12
Suppose 0 - 10 = -2*h. Suppose -2*l - 3*l = 2*v - 80, 5*v - 200 = -4*l. Calculate the highest common divisor of h and v.
5
Let b = 2 - 5. Let a be b/12 + (-109)/(-4). Calculate the greatest common divisor of 18 and a.
9
Let m be 1 + 5/((-15)/9). Let y be -58*(-1 - 0) + m. What is the highest common factor of y and 7?
7
Let o = 3 + 0. Suppose 0 = o*y, 4*q + 2*y - 10 - 2 = 0. Suppose 47 - 113 = -q*a. Calculate the greatest common factor of 2 and a.
2
Suppose 2*f = 8, 4*i + 13 = -3*f + 465. What is the highest common divisor of 10 and i?
10
Suppose -q - 2*u = -16, u - 5 - 18 = -3*q. Calculate the highest common divisor of q and 30.
6
Suppose a = -4*t - 2*a + 275, 0 = 2*t + 3*a - 145. What is the highest common factor of t and 26?
13
Suppose -58 = 2*f - 4*f + 2*x, -5*f = -4*x - 141. Suppose -22 = -3*c - 4*k, -2*k + k = 4*c - f. Calculate the greatest common factor of 48 and c.
6
Suppose -4*c + 2*y = 2, -y - y = -3*c - 4. Suppose -3*r = c*r - 10. Suppose -4 = -5*d + 3*b, d + b + 0 = 4. What is the greatest common divisor of d and r?
2
Suppose 4*h + b = -0*b + 5, 5*h = b + 13. Suppose -h*v + 4*v = 40. Calculate the greatest common factor of v and 5.
5
Let l(d) = -d**2 + 9*d - 1. Let c be l(9). Let m be c/(0 + 1/9). Let o be 6/m + 112/6. Calculate the greatest common factor of o and 9.
9
Let r(d) = -4*d - 2. Let x be r(-1). Let o(b) = 4*b**2 + 2*b - 4. Let c be o(x). Calculate the highest common factor of c and 4.
4
Let c(r) = r. Let x be c(-7). Let a be 1/(-1) - (x - -1). Let w be ((-12)/a)/((-6)/15). What is the greatest common factor of 6 and w?
6
Let o = -21 - -45. Calculate the highest common factor of 56 and o.
8
Let g(k) = 5*k**3